3.
3, 562931
List the prime factors of 449271.
3, 49919
What are the prime factors of 7035804?
2, 3, 67, 2917
What are the prime factors of 608111?
7, 109, 797
What are the prime factors of 19708754?
2, 13, 758029
List the prime factors of 3502195.
5, 569, 1231
What are the prime factors of 5372536?
2, 13, 51659
What are the prime factors of 79730?
2, 5, 7, 17, 67
What are the prime factors of 612826?
2, 19, 16127
What are the prime factors of 210888?
2, 3, 29, 101
List the prime factors of 3587797.
3587797
What are the prime factors of 203228?
2, 23, 47
What are the prime factors of 3224207?
7, 317, 1453
What are the prime factors of 8850558?
2, 3, 191, 7723
What are the prime factors of 1082915?
5, 109, 1987
List the prime factors of 413583.
3, 89, 1549
List the prime factors of 3690264.
2, 3, 179, 859
List the prime factors of 104938.
2, 71, 739
List the prime factors of 19840610.
2, 5, 1984061
List the prime factors of 296870.
2, 5, 7, 4241
What are the prime factors of 1187591?
239, 4969
List the prime factors of 546288.
2, 3, 19, 599
What are the prime factors of 1868849?
379, 4931
List the prime factors of 676467.
3, 11, 6833
List the prime factors of 2425915.
5, 251, 1933
What are the prime factors of 8199295?
5, 13, 126143
List the prime factors of 4695493.
11, 426863
List the prime factors of 3432937.
127, 27031
List the prime factors of 333457.
333457
What are the prime factors of 203343?
3, 7, 23, 421
List the prime factors of 676253.
676253
List the prime factors of 1592456.
2, 67, 2971
What are the prime factors of 816716?
2, 191, 1069
What are the prime factors of 134860?
2, 5, 11, 613
What are the prime factors of 948278?
2, 251, 1889
List the prime factors of 806238.
2, 3, 47, 953
What are the prime factors of 6787554?
2, 3, 1131259
List the prime factors of 1223928.
2, 3, 89, 191
List the prime factors of 142748.
2, 127, 281
What are the prime factors of 1283681?
7, 183383
What are the prime factors of 5310?
2, 3, 5, 59
List the prime factors of 7854669.
3, 101, 8641
List the prime factors of 31766321.
131, 242491
What are the prime factors of 612247?
173, 3539
What are the prime factors of 1082122?
2, 541061
List the prime factors of 12539511.
3, 359, 3881
List the prime factors of 816005.
5, 293, 557
List the prime factors of 7306871.
11, 13, 37, 1381
List the prime factors of 13074135.
3, 5, 37, 23557
What are the prime factors of 796559?
23, 59, 587
List the prime factors of 2344449.
3, 781483
List the prime factors of 4093589.
4093589
List the prime factors of 1069002.
2, 3, 11, 5399
List the prime factors of 2418111.
3, 19, 79, 179
List the prime factors of 378584.
2, 37, 1279
What are the prime factors of 10901248?
2, 97, 439
What are the prime factors of 369988?
2, 17, 5441
What are the prime factors of 630379?
227, 2777
What are the prime factors of 3402688?
2, 79, 673
What are the prime factors of 1860?
2, 3, 5, 31
What are the prime factors of 3822886?
2, 47, 67, 607
List the prime factors of 862160.
2, 5, 13, 829
List the prime factors of 175595.
5, 7, 29, 173
What are the prime factors of 4477?
11, 37
What are the prime factors of 970882?
2, 11, 44131
List the prime factors of 18562590.
2, 3, 5, 206251
List the prime factors of 495982.
2, 247991
List the prime factors of 135157.
11, 1117
List the prime factors of 1932088.
2, 241511
What are the prime factors of 3664544?
2, 13, 23, 383
List the prime factors of 402521.
7, 57503
List the prime factors of 2868425.
5, 7, 37, 443
List the prime factors of 3147494.
2, 7, 383, 587
What are the prime factors of 195436?
2, 48859
What are the prime factors of 234211?
234211
List the prime factors of 8406587.
7, 24509
What are the prime factors of 1560154?
2, 71, 10987
What are the prime factors of 2564714?
2, 41, 31277
What are the prime factors of 491120?
2, 5, 7, 877
What are the prime factors of 2242605?
3, 5, 47, 3181
List the prime factors of 3853127.
103, 37409
List the prime factors of 7429924.
2, 1857481
List the prime factors of 1376798.
2, 613, 1123
List the prime factors of 889348.
2, 222337
List the prime factors of 441386.
2, 11, 20063
What are the prime factors of 143932?
2, 35983
What are the prime factors of 1256858?
2, 23, 89, 307
What are the prime factors of 3113427?
3, 613, 1693
List the prime factors of 6689593.
6689593
What are the prime factors of 15830659?
13, 61, 19963
What are the prime factors of 456926?
2, 17, 89, 151
List the prime factors of 9507277.
13, 19, 61, 631
List the prime factors of 2081714.
2, 1040857
What are the prime factors of 3102415?
5, 17, 19, 113
What are the prime factors of 192109?
19, 10111
List the prime factors of 952589.
11, 86599
What are the prime factors of 8796992?
2, 137453
List the prime factors of 4675205.
5, 421, 2221
What are the prime factors of 3498278?
2, 7, 79, 3163
What are the prime factors of 406583?
406583
What are the prime factors of 4191226?
2, 13, 161201
List the prime factors of 13221506.
2, 29, 37, 61, 101
List the prime factors of 257971.
7, 137, 269
What are the prime factors of 1805432?
2, 127, 1777
What are the prime factors of 781648?
2, 7, 997
What are the prime factors of 2821213?
37, 76249
List the prime factors of 2134766.
2, 1067383
What are the prime factors of 4967033?
29, 59, 2903
List the prime factors of 12184786.
2, 401, 15193
What are the prime factors of 469846?
2, 13, 17, 1063
What are the prime factors of 268227?
3, 29803
List the prime factors of 8862240.
2, 3, 5, 37, 499
List the prime factors of 37102.
2, 13, 1427
What are the prime factors of 1298108?
2, 7, 37, 179
What are the prime factors of 1576055?
5, 13, 24247
List the prime factors of 22981757.
31, 741347
List the prime factors of 821233.
7, 117319
What are the prime factors of 727653?
3, 242551
List the prime factors of 7320579.
3, 7, 47, 7417
What are the prime factors of 714118?
2, 47, 71, 107
What are the prime factors of 4928980?
2, 5, 7, 17, 19, 109
What are the prime factors of 17073361?
47, 59, 131
What are the prime factors of 267473?
37, 7229
What are the prime factors of 68375?
5, 547
List the prime factors of 22689862.
2, 13, 872687
What are the prime factors of 18087532?
2, 29, 241, 647
What are the prime factors of 7919534?
2, 7, 67, 8443
List the prime factors of 252274.
2, 11, 11467
What are the prime factors of 34498?
2, 47, 367
What are the prime factors of 17397?
3, 1933
List the prime factors of 8989886.
2, 1783, 2521
List the prime factors of 13942222.
2, 7, 821, 1213
What are the prime factors of 970239?
3, 323413
What are the prime factors of 9066748?
2, 1163, 1949
List the prime factors of 710497.
71, 10007
List the prime factors of 1811609.
31, 58439
What are the prime factors of 630036?
2, 3, 11, 37, 43
List the prime factors of 17459195.
5, 13, 19, 67, 211
What are the prime factors of 1961444?
2, 29, 37, 457
List the prime factors of 27183470.
2, 5, 23, 118189
What are the prime factors of 2469501?
3, 91463
List the prime factors of 1427045.
5, 269, 1061
List the prime factors of 13484.
2, 3371
List the prime factors of 4584485.
5, 37, 24781
What are the prime factors of 3591937?
67, 53611
What are the prime factors of 5103076?
2, 11, 115979
List the prime factors of 403519.
271, 1489
List the prime factors of 1435012.
2, 358753
List the prime factors of 26860947.
3, 1063, 8423
What are the prime factors of 11066939?
13, 851303
List the prime factors of 147766.
2, 73883
List the prime factors of 329668.
2, 73, 1129
List the prime factors of 223260.
2, 3, 5, 61
List the prime factors of 1016325.
3, 5, 4517
List the prime factors of 2514239.
7, 13, 3947
List the prime factors of 40055098.
2, 23, 433, 2011
List the prime factors of 5510425.
5, 227, 971
List the prime factors of 10686060.
2, 3, 5, 7, 11, 257
What are the prime factors of 1009590?
2, 3, 5, 73, 461
List the prime factors of 8979.
3, 41, 73
List the prime factors of 7459424.
2, 7, 33301
List the prime factors of 1631199.
3, 83, 6551
List the prime factors of 977816.
2, 7, 19, 919
What are the prime factors of 233797?
113, 2069
What are the prime factors of 2535497?
23, 4793
List the prime factors of 2380.
2, 5, 7, 17
List the prime factors of 9678831.
3, 17, 173, 1097
List the prime factors of 2939523.
3, 43, 22787
What are 